(w) = 29*w**2 - 12*w - 2. Let d = 32 + -34. Let r be k(d). What is the greatest common factor of 6 and r?
6
Suppose -3014 + 357 = -16*l + 9631. What is the greatest common divisor of l and 12?
12
Let w(y) = 3*y + 5. Let o be w(-1). Suppose 0 = -k - 2*s + 283, 11*k - o*s = 16*k - 1431. Calculate the highest common divisor of k and 41.
41
Suppose -5*x = o - 217 - 94, 3*o + 287 = 5*x. What is the highest common factor of x and 6283?
61
Let w(i) = 19 + 17*i**2 - 5*i - 44 + 0*i + 13*i**2. Let m be w(-3). What is the greatest common factor of m and 40?
20
Let r(f) = -f**3 + f**2 + f. Let z be r(2). Let q be 105/9 + z/(-6). Suppose 6*h - 6 - 42 = 0. Calculate the highest common divisor of h and q.
4
Let r(s) = 11*s + 1330. Let a be r(-120). Let j = 179 + 131. Calculate the highest common divisor of j and a.
10
Let d(h) = -h**3 + 6*h**2 - 47*h + 2. Let q be d(-8). What is the greatest common divisor of q and 2?
2
Let v(z) = -z**2 - 14*z - 14. Let o be v(-12). Let f(d) = d**2 - 5. Let q be f(3). Let p be (7/(-4))/7 + 101/q. What is the highest common factor of o and p?
5
Suppose u - 96 + 18 = -3*b, 0 = -5*u + b + 310. Calculate the highest common divisor of u and 6951.
21
Let d(o) = o**2 - 26*o - 854. Let g be d(-19). Suppose f - 19 = -4*r + r, -5*f + r + 15 = 0. What is the highest common divisor of g and f?
1
Let u(o) be the first derivative of -3*o**2/2 + 50*o - 59. Let y be u(13). What is the greatest common divisor of 374 and y?
11
Suppose -5*t = 4*r - 1239, 2*r + 986 = -t + 5*t. Calculate the highest common factor of t and 1144.
13
Suppose a = 4*x - 8*x + 180, 0 = 3*a - 2*x - 498. Let r(t) = -445*t - 13747. Let w be r(-31). What is the highest common divisor of a and w?
24
Let f(v) = v**2 - 20*v + 93. Let u be f(11). Let l be (5/u*-2)/((-111)/(-4329)). What is the greatest common factor of 221 and l?
13
Suppose -r = -4*o - 48, -15*r - o = 87 - 1173. What is the highest common divisor of r and 7812?
36
Suppose -45*h + 56*h = 33. Suppose 5*l = -2*x + 8, h*x + 2*l = 17 + 17. What is the highest common divisor of x and 182?
14
Suppose -i = 5*v - 0*i - 1015, -4*i = 2*v - 388. Let j be ((-12)/(-24))/(2/v). Calculate the highest common factor of 3 and j.
3
Let k(n) = 22*n + 282. Let a be k(-10). What is the greatest common divisor of 3503 and a?
31
Suppose 11*m - 51 + 29 = 0. Suppose m*n - 87 = -51. Calculate the highest common divisor of n and 1.
1
Let o be (2 - 1)*17 + 0. Let t(n) be the first derivative of -27*n**2 - 9*n + 78. Let j be t(-3). Calculate the greatest common factor of o and j.
17
Suppose 4*l - 16 = -4*c, -4*c = -5*l - 6 + 17. Let k = 68 - 44. What is the highest common divisor of l and k?
3
Let q = 257 + -227. Let x(o) = -30*o - 20. Let s be x(-7). What is the greatest common factor of s and q?
10
Let g be (83/5 - -1)*260/104. What is the greatest common factor of g and 4532?
44
Suppose 8*s + 3*q = 3*s + 47, -q = 3*s - 29. Suppose 0 = n + 4*n - s, -5*n + 34 = 2*g. Calculate the greatest common factor of g and 12.
12
Let j(r) = -r**3 + 5*r**2 - 33*r + 72. Let x be j(4). Suppose 3*m + 148 = m. Let t = x - m. What is the greatest common divisor of 30 and t?
30
Suppose 20*k - 26*k = -276. Suppose -5*p = 4*c - 2*p - 97, 2*p = -2*c + k. What is the highest common factor of c and 98?
14
Let v be (-14)/4*11/(924/(-912)). Suppose v*u = 12*u + 10608. Let b be ((-102)/(-8))/((-2)/(-8)). Calculate the highest common divisor of u and b.
51
Let v(w) = 65*w + 5860. Let g be v(62). What is the greatest common divisor of g and 46?
46
Suppose 5*t = 3*t - 4*g - 116, 3*t + 5*g = -170. Let y be (-75)/t*(0 - 184/(-6)). What is the greatest common factor of y and 2?
2
Suppose -50*u = 44*u - 799470. Suppose 0 = 35*b + 70*b - u. Suppose 4*x - 39 = l, 7 = -2*l + 1. Calculate the highest common factor of b and x.
9
Let i(z) be the third derivative of -z**5/60 - 23*z**4/24 - 11*z**3/3 - 24*z**2 + z. Let o be i(-7). Calculate the highest common factor of 15 and o.
15
Let t(s) = 4*s**3 + s - 1. Suppose 4*j - 3 = 1. Let m be t(j). Let l be (21 - -39)*(0 - m/(-10)). Calculate the greatest common factor of 60 and l.
12
Let y = -3 - -10. Let d = 46 - 43. Suppose -2*r + 37 = 5*m, -2*m + 4*m = d*r - 65. What is the greatest common divisor of r and y?
7
Let y(n) = -n**2 + 44*n - 442. Let g be y(24). Calculate the highest common factor of 3211 and g.
19
Let n be 40/24 + (-2)/(-6). Let d = -126 + 210. Suppose 5*p + 3*q - q = d, 0 = -4*q - 12. What is the highest common divisor of n and p?
2
Suppose 50*s - 61478 = -278. What is the highest common factor of 360 and s?
72
Let x(t) = -16*t**2 + t**3 + 11*t**2 - 41*t - 7 + 49*t. Let a be x(4). Suppose 0 = 4*r - 107 - 1. Calculate the greatest common factor of r and a.
9
Let z = -38 + 147. Let x = -84 - z. Let a = x + 270. What is the highest common factor of a and 7?
7
Suppose -28*n - 1228 = -2*g - 29*n, g - 635 = -4*n. Calculate the highest common factor of g and 188.
47
Let z = 5906 + -2553. What is the highest common divisor of 7 and z?
7
Let b = -423 + 339. Let n = 199 + b. Calculate the greatest common divisor of n and 15.
5
Let z(s) = 5*s - 3*s**2 - 7*s - 5*s + s**3 - 2. Let n = -34 + 40. Let v be z(n). Calculate the highest common divisor of v and 96.
32
Let i(k) = 53*k + 111. Let c(v) = -53*v - 110. Let a(q) = -2*c(q) - 3*i(q). Let h be a(-4). Calculate the highest common divisor of 11 and h.
11
Let g be 5 + 20 + 3/1. Let p = -3 + 8. Suppose 0 = -0*f + p*f - 140. Calculate the greatest common factor of g and f.
28
Suppose 193*c - 5109720 = -549*c - 48*c. Calculate the greatest common factor of 1274 and c.
98
Let i be -2 + 0 + -1 + (7 - 411). Let m = -286 - i. Let g be (-2 - 1)*88/(-24). Calculate the highest common factor of m and g.
11
Let q(x) = -627*x + 7576. Let p be q(12). Let v be (-1)/(392/(-130) - -3). Calculate the highest common divisor of v and p.
13
Let g = -10327 - -10333. Calculate the greatest common factor of g and 1683.
3
Let a be 21/(-6 - (-3 - 2)). Let s = a - -29. Let x = s - -1. What is the greatest common divisor of x and 18?
9
Let v be (280/(-15) + 22)*(-3)/(-5). Calculate the highest common divisor of 211 and v.
1
Suppose 2*p - 180 = -r, 4*r + 2*p = -3*p + 723. Let o = r + -106. Calculate the highest common factor of o and 380.
76
Let r(o) = -o**2 - 7*o - 21. Let k be r(-8). Let c = k - -35. Suppose -2*d = 2*q - 6, 2*q - c - 1 = -d. What is the greatest common factor of 28 and q?
4
Let i = -10848 + 10966. What is the highest common factor of i and 7670?
118
Suppose 5*o + 3*m - m = -10, -3*o - 3*m = 15. Let z be (o - 9)/(2 - 1). Let y = z - -10. Calculate the greatest common factor of y and 1.
1
Let p(q) = 518*q**2 + 2*q - 96. Let c be p(-8). What is the greatest common factor of 236 and c?
236
Let y = 23562 + -16032. What is the highest common factor of 30 and y?
30
Suppose 5*q = -4*j + 64 + 247, -j - q + 77 = 0. Let u be 2/(-1) + (-7 - -9). Suppose -3*y + 7*y - 444 = u. What is the highest common divisor of j and y?
37
Let t(n) be the first derivative of 17*n**3/3 + 7*n**2/2 + 10*n + 62. Let o be t(-2). Calculate the highest common factor of o and 48.
16
Let i = -56 - -63. Let g(m) = m**2 - 3*m + 21. Let p be g(i). Suppose 4*k - p = -13. What is the highest common factor of k and 27?
9
Suppose 5*z - 2*n - 52 = 0, 0 = 2*z - 0*z - 2*n - 16. Let y be -26 + 20 + (-972)/(-18). What is the greatest common divisor of z and y?
12
Let i = -557 + 300. Let z = 449 + i. Calculate the greatest common divisor of z and 12.
12
Let s = 5120 + -5038. What is the greatest common divisor of 4346 and s?
82
Let d = 91 - 57. Suppose -7*l + 4 = 4*h - 3*l, 4*l = -5*h + 1. Let q be 166 + (h - 28/(-4)). Calculate the greatest common divisor of q and d.
34
Suppose 0 = -4*b + 4*l + 1996, -l - l = -5*b + 2510. Let f(r) = 5*r**2 - 197*r + 329. Let n be f(38). What is the highest common factor of n and b?
63
Let a be 8/6*414/(-184) + 1 + 546. Calculate the highest common factor of 36 and a.
4
Let w = -206 + 212. Let t be -7*w/84 + 86/4. What is the greatest common factor of t and 399?
21
Suppose 0 = -87*a + 85*a + 5*y + 290, -a - y + 124 = 0. Calculate the greatest common factor of a and 745.
5
Suppose 42*j = 232507 - 16035 + 60308. Calculate the highest common divisor of j and 10.
10
Suppose 0 = 44*q - 1139 - 3261. Calcula